s 1802689 a multiple of 53?
True
Does 13 divide 18431673?
True
Is 24 a factor of 239210?
False
Is 171 a factor of 8153280?
True
Does 3 divide 16739?
False
Is 206649 a multiple of 56?
False
Is 4005253 a multiple of 535?
False
Is 586984 a multiple of 118?
False
Does 12 divide 188172?
True
Is 30 a factor of 419730?
True
Is 9 a factor of 36190856?
False
Is 315168 a multiple of 48?
True
Is 79 a factor of 34501?
False
Does 617 divide 913160?
True
Is 568774 a multiple of 7?
False
Is 100304 a multiple of 89?
False
Is 12863 a multiple of 4?
False
Is 12 a factor of 333480?
True
Is 24 a factor of 459264?
True
Is 126 a factor of 17106?
False
Is 75 a factor of 620700?
True
Does 10 divide 530062?
False
Is 4554 a multiple of 4?
False
Is 1147703 a multiple of 18?
False
Is 3293 even?
False
Is 101598 a multiple of 4?
False
Does 2 divide 1068058?
True
Is 220508 a multiple of 346?
False
Is 193056 a multiple of 24?
True
Does 1775 divide 699350?
True
Is 86 a factor of 6189850?
True
Is 469 a factor of 864836?
True
Is 213 a factor of 1199919?
False
Is 376 a factor of 204920?
True
Is 1346967 a multiple of 57?
True
Is 63 a factor of 325836?
True
Is 977 a factor of 23545700?
True
Does 239 divide 4007313?
True
Is 173899 a multiple of 13?
False
Is 142 a factor of 2368265?
False
Is 195 a factor of 7567365?
True
Is 48 a factor of 327819?
False
Does 126 divide 5503050?
True
Does 89 divide 9288930?
True
Is 32 a factor of 35176?
False
Is 425599 a multiple of 12?
False
Is 109061 a multiple of 9?
False
Is 1696747 a multiple of 67?
False
Is 1006 a factor of 134371?
False
Does 14 divide 1344014?
True
Is 114 a factor of 7840034?
False
Is 96 a factor of 369216?
True
Is 15 a factor of 216120?
True
Does 10 divide 45419?
False
Is 66 a factor of 2308235?
False
Does 347 divide 97603?
False
Is 5 a factor of 37731?
False
Is 17285755 a multiple of 50?
False
Is 33435 a multiple of 4?
False
Does 82 divide 1716755?
False
Does 1126 divide 8985480?
True
Does 128 divide 184639?
False
Does 704 divide 3044673?
False
Does 28 divide 1716073?
False
Is 260630 a multiple of 254?
False
Is 746 a factor of 2124762?
False
Is 26893 a multiple of 437?
False
Is 2616768 a multiple of 192?
True
Is 2021222 a multiple of 27?
False
Is 8802069 a multiple of 10?
False
Is 285444 a multiple of 106?
False
Is 3006583 a multiple of 398?
False
Is 156936 a multiple of 39?
True
Does 23 divide 11739941?
False
Is 112 a factor of 484064?
True
Is 465 a factor of 285880?
False
Is 1903128 a multiple of 406?
False
Is 151074 a multiple of 18?
True
Is 7 a factor of 268362?
False
Is 49641 a multiple of 91?
False
Is 8 a factor of 209190?
False
Does 12 divide 536376?
True
Does 12 divide 23784?
True
Is 326052 a multiple of 25?
False
Is 131808 a multiple of 6?
True
Is 358 a factor of 1848528?
False
Is 54 a factor of 46412?
False
Is 119 a factor of 338683?
False
Is 93451 a multiple of 55?
False
Does 273 divide 2522465?
False
Is 5 a factor of 86445?
True
Is 91079 a multiple of 4?
False
Does 8 divide 6168084?
False
Is 215 a factor of 647365?
True
Is 185 a factor of 148487?
False
Is 351298 a multiple of 16?
False
Is 498540 a multiple of 72?
False
Is 30 a factor of 316278?
False
Does 97 divide 1488873?
False
Is 7479155 a multiple of 5?
True
Is 309358 a multiple of 133?
True
Does 267 divide 80167?
False
Is 34 a factor of 101538?
False
Is 31 a factor of 3368367?
True
Is 12 a factor of 312414?
False
Does 13 divide 2111733?
True
Is 24 a factor of 647550?
False
Does 19 divide 9725340?
True
Is 926317 a multiple of 98?
False
Does 48 divide 21188928?
True
Is 19564 a multiple of 2?
True
Is 28 a factor of 3509352?
True
Is 100 a factor of 19366652?
False
Is 1361508 a multiple of 46?
True
Is 282520 a multiple of 13?
False
Is 366 a factor of 616146?
False
Is 17 a factor of 348388?
False
Does 4 divide 383988?
True
Is 144 a factor of 988992?
True
Is 65 a factor of 1890915?
True
Is 536256 a multiple of 252?
True
Is 92 a factor of 118045?
False
Does 13 divide 951509?
True
Is 393 a factor of 1744920?
True
Does 356 divide 1151660?
True
Is 55 a factor of 2216170?
True
Is 278574 a multiple of 58?
True
Is 26 a factor of 108914?
True
Is 153 a factor of 142029?
False
Does 45 divide 7702920?
True
Does 14 divide 214130?
True
Is 253708 a multiple of 319?
False
Is 119 a factor of 12971?
True
Is 17875 a multiple of 52?
False
Is 175 a factor of 1165671?
False
Is 313707 a multiple of 40?
False
Does 181 divide 139913?
True
Is 14 a factor of 69930?
True
Is 154 a factor of 858008?
False
Is 637688 a multiple of 220?
False
Is 43 a factor of 195349?
True
Is 8 a factor of 4869800?
True
Is 287167 a multiple of 8?
False
Is 259798 a multiple of 22?
True
Is 179 a factor of 34905?
True
Is 115008 a multiple of 24?
True
Is 23 a factor of 26260?
False
Does 32 divide 6114820?
False
Does 24 divide 255792?
True
Does 8 divide 82964?
False
Is 4 a factor of 3747516?
True
Is 31 a factor of 491258?
False
Is 4 a factor of 6705969?
False
Does 128 divide 637184?
True
Is 3626070 a multiple of 651?
True
Does 6 divide 43974?
True
Is 203 a factor of 719658?
False
Is 237 a factor of 220410?
True
Does 7 divide 841030?
False
Does 37 divide 4307559?
False
Is 44916 a multiple of 28?
False
Does 38 divide 3369498?
True
Is 18 a factor of 246400?
False
Does 41 divide 809586?
True
Is 113 a factor of 56124?
False
Is 224853 a multiple of 9?
False
Is 4 a factor of 128488?
True
Is 44 a factor of 835?
False
Does 1699 divide 898287?
False
Is 282 a factor of 331632?
True
Is 559 a factor of 305214?
True
Is 3652489 a multiple of 74?
False
Is 1435 a factor of 3017805?
True
Does 111 divide 176712?
True
Does 73 divide 6787050?
False
Does 272 divide 91664?
True
Is 63 a factor of 74290?
False
Is 158 a factor of 373637?
False
Does 76 divide 1242751?
False
Is 465 a factor of 7178787?
False
Does 1027 divide 2315823?
False
Is 42 a factor of 1446901?
False
Does 104 divide 122109?
False
Does 81 divide 67138?
False
Is 30223 a multiple of 3?
False
Is 8 a factor of 173719?
False
Is 540792 a multiple of 14?
True
Does 4 divide 2237012?
True
Does 2 divide 599553?
False
Is 42819 even?
False
Is 260 a factor of 172640?
True
Is 504670 a multiple of 463?
True
Is 18 a factor of 781218?
True
Does 30 divide 1604780?
False
Is 22 a factor of 11848476?
False
Is 114 a factor of 1724592?
True
Is 4110707 a multiple of 19?
True
Is 2112 a multiple of 64?
True
Is 101 a factor of 895567?
True
Does 8 divide 65726?
False
Does 599 divide 403103?
False
Is 35 a factor of 87823?
False
Does 34 divide 369?
False
Does 17 divide 3514825?
False
Is 59 a factor of 43304?
False
Is 148 a factor of 3359832?
False
Does 27 divide 283959?
True
Is 20310268 a multiple of 20?
False
Does 19 divide 17475140?
False
Is 481 a factor of 6806124?
False
Is 71 a factor of 20690749?
True
Is 555 a factor of 2659560?
True
Is 14 a factor of 362530?
True
Does 19 divide 3274888?
False
Is 421730 a multiple of 101?
False
Is 40 a factor of 241213?
False
Does 118 divide 466336?
True
Is 18180 a multiple of 101?
True
Is 40406 a multiple of 178?
True
Is 209 a factor of 11140536?
True
Is 40 a factor of 108308?
False
Is 90454 even?
True
Is 98910 a multiple of 15?
True
Is 677781 a multiple of 351?
True
Is 24 a factor of 1035235?
False
Does 125 divide 76429?
False
Does 192 divide 7223?
False
Is 405771 a multiple of 19?
False
Does 24 divide 200256?
True
Is 233 a factor of 1383787?
True
Is 1734085 a multiple of 115?
True
Does 12 divide 1254459?
False
Does 2 divide 1197?
False
Is 1483664 a multiple of 182?
True
Does 186 divide 1322027?
False
Does 622 divide 618268?
True
Is 269 a factor of 1345176?
False
Is 1099 a factor of 407648?
False
Is 1829 a factor of 962054?
True
Is 8 a factor of 38248?
True
Is 2625920 a multiple of 128?
True
Is 3547917 a multiple of 11?
False
Is 59 a factor of 333511?
False
Is 4 a factor of 691284?
True
Is 6140694 a multiple of 6?
True
Is 91 a factor of 10450637?
False
Does 27 divide 4716129?
False
Does 242 divide 2048384?
False
Does 55 divide 31405?
True
Is 2677503 a multiple of 981?
False
Does 226 divide 763404?
False
Is 527 a factor of 752817?
False
Does 182 divide 4142138?
True
Is 142 a factor of 1312238?
False
Is 290000 a multiple of 145?
True
Does 11 divide 134219?
False
Does 1205 divide 7240940?
False
Is 8 a factor of 104793?
False
Does 5 divide 69538?
False
Is 3362594 a